= 2*b. Let g(s) = u*m(s) + h(s). Give g(0).
7
Let o(d) = 8*d**2 + 10*d**2 - 29*d**2 + 18*d**2 + d**3 - 37. Calculate o(-6).
-1
Let f(n) be the third derivative of 1/24*n**4 - 1/15*n**5 + 5*n**2 + 5/6*n**3 - 1/120*n**6 + 0 + 0*n. Let o be 36/(-10) + (-2)/5. Determine f(o).
1
Suppose -g - 3*h = -486, 0*h + 5*h - 1462 = -3*g. Let t = -493 + g. Let y(c) = 3*c**2 + 5*c + 3. Give y(t).
31
Suppose 4*f + 9 = -8*q + 5, -3*f = 3*q - 3. Let u(t) = t**2 + 7*t + 9. What is u(q)?
-1
Suppose -2*k + 3*q + 1 = 0, -5*q + 7 + 4 = 3*k. Let d be (132/(-24))/((-1)/k). Suppose 3*h = -d - 1. Let p(n) = -n**2 - 5*n + 1. Calculate p(h).
5
Let x(q) = -35*q**3 + 16*q**2 + 11*q + 8. Let u(a) = 9*a**3 - 2*a**2 - a + 1. Let w(c) = -4*u(c) - x(c). What is w(-5)?
-52
Let w(y) = 4*y + 11. Let u(j) = -j. Let p(a) = 3*u(a) + w(a). Let f be (-24)/20*(-40)/6. Suppose 2*h - 4*c = -f, -c - 3 = -1. What is p(h)?
3
Let x(r) be the second derivative of r**4/12 + r**2/2 - 26*r. Let z be (-7 - (2 + -5)) + 56/(-7) + 6. Determine x(z).
37
Let y be ((-16)/(-40))/((-4 - -2)*(-3)/30). Let r(u) be the second derivative of -7/2*u**y + 0 - 7/12*u**4 - 1/20*u**5 + 5*u - u**3. Determine r(-6).
-7
Let w(o) = 102*o - 12. Let v(n) = 28*n - 4. Let b(q) = 7*v(q) - 2*w(q). Give b(2).
-20
Let b(r) be the third derivative of 53*r**2 + 1/2*r**3 + 0*r + 0 + 1/24*r**4. Determine b(1).
4
Let b(q) = -q - 9. Let n(a) = 5 + 7 - 11 + 0. Let t(i) = -b(i) - 2*n(i). Let l be -7 + -1 + 10 + -5. Give t(l).
4
Let a(h) = 61*h - 24. Let v(q) = -14*q + 6. Let c(d) = 2*a(d) + 9*v(d). Determine c(6).
-18
Let d(m) = 3*m**3 + 722*m**2 - 382*m**2 - 2*m**3 + 35 + 47*m - 366*m**2. What is d(24)?
11
Let v(j) = j**3 + 8*j**2 + 13*j + 29. Suppose 248*b - 142*b = 133*b + 189. Give v(b).
-13
Let l(b) = b**2 - 2*b - 19. Let v be l(7). Let r be 27/6*v/3. Suppose -5*o + 5*c + 25 = -5, -r = -4*o - 3*c. Let g(i) = -i + 3. Determine g(o).
-3
Let b(z) = z**3 - z**2 + 1. Let w(q) = -3*q**3 + 50*q**2 + 98*q + 106. Let m(p) = 2*b(p) + w(p). Give m(50).
8
Suppose -2*l = 3*n - 4*n - 11, 0 = 5*l + 2*n - 5. Let b(k) = 4*k**2 + 1 + 2*k - l*k**2 + 10*k**2 - 3*k**2. Let u be -4 - 1 - (14 - 18). What is b(u)?
7
Let n be 25/3 + -6*(-26)/(-468). Let i(h) = -h**3 + 6*h**2 + 14*h - 7. Determine i(n).
-23
Let u(c) be the third derivative of 0 + 1/8*c**4 - 1/60*c**5 - 1/2*c**3 + 0*c - 128*c**2. Determine u(2).
-1
Let c(n) = -n**2 - 3 + 18*n + 5 + 6. Let f = 139543 - 139525. Determine c(f).
8
Suppose -5*z - 9 + 39 = 0. Let d(v) be the third derivative of v**4/24 - 11*v**3/6 + 2*v**2 - 126. Determine d(z).
-5
Let h(c) = -13*c + 78. Let v be (14/12 + -1 - 1)*(15 - 21). Determine h(v).
13
Suppose -26 = 4*u - 378. Let w(b) = -u*b + 2 + 87*b + 0 + 9. Determine w(10).
1
Let f(d) = -d**2 + 21*d + 32. Suppose -25*a + 8*l = -24*a - 70, 4*l + 90 = 3*a. What is f(a)?
10
Let r(h) = 2*h**2 + 2*h - 16. Let w be (-6)/(-14) + 24/336*-76. Determine r(w).
24
Let p(i) = -10*i - i**2 + i**3 - 5 + 8*i + 0*i**2 + 10 + 0. Give p(0).
5
Let j = 205 + -211. Let w be ((-15)/9 - -1)*j. Let x(v) be the second derivative of -v**4/12 + 5*v**3/6 + 3*v**2/2 - 5*v. Calculate x(w).
7
Let v = 30 + -23. Let a(u) = v*u**2 + 3*u**2 + 1 + 3 - 11*u**2. Let z(s) = s**2 + 4*s - 4. Let i be z(-4). Determine a(i).
-12
Let c(x) be the second derivative of 2*x**4/3 - x**3/6 - 5*x**2 - 3*x - 431. Calculate c(-2).
24
Let p(n) = n**2 - 13*n - 27. Let a be p(15). Suppose s - a*h = -2*s + 18, -4*h - 8 = 4*s. Let u(r) = 5*r**3 - r**2 + 2*r - 1. Give u(s).
39
Let l(j) = j. Let t = 35 - 36. Let f be l(t). Let k(p) be the second derivative of 5*p**4/6 + p**3/6 + p**2/2 - 10*p. Give k(f).
10
Suppose -73*k + 117 = 44*k. Let j(v) = -v**2 + v - 3. Give j(k).
-3
Let t(c) = -c**3 - 4*c**2 + 7*c + 3. Suppose 5*w + 238 = -d + 212, -4*w - 10 = -d. What is t(d)?
33
Let u(z) = 3*z**2 + 24*z + 25. Let j be u(-7). Let b(x) = -j - 27*x - 4 + 4 + 3. Give b(-1).
26
Suppose 184*w - 284*w = -138*w + 114. Let d(n) = n**2 - 54*n + 147. Determine d(w).
-6
Let b(g) = -2*g - 6. Let f = -3 + 8. Let v = 600 - 595. Suppose f*o = 25, -p - v*o + 17 = -3. What is b(p)?
4
Suppose -46*c = 230 - 46. Let k be c + 2 + 5 + -4. Let s(h) = 56*h + 1. Give s(k).
-55
Let p(s) = -4*s**2 + 7*s - 9. Let i be (-2)/(-12)*-4*(15 + -18). Give p(i).
-11
Let u(c) be the third derivative of -c**6/30 + c**5/60 - c**4/6 + c**3/2 - 45*c**2 - 3*c. Let b = 35 + -33. Calculate u(b).
-33
Let g(h) = -h - 2. Let n(u) = -u**2 - 27*u - 8. Let c be n(-26). Suppose o + c = 7*o. Let q(i) = -3*i - 5. Let d(l) = o*q(l) - 8*g(l). Give d(1).
0
Let w = -26 - 41. Let o = 59 + w. Let f(z) = -z**3 - 7*z**2 + 7*z + 8. What is f(o)?
16
Suppose -53*x + 16 = -49*x. Let t(c) = -22*c**2 + 0*c - c + 20*c**2 - x + c**3 - 2*c. Give t(3).
-4
Let z(y) = -y - 1. Let v(s) = 24*s + 20. Let h(o) = 2*v(o) + 44*z(o). Let m be (12/(-9))/((-24)/(-54)). Give h(m).
-16
Let s(x) be the third derivative of -5*x**4/24 + x**3/2 + 49*x**2. Let h(v) = v - 1. Let o(m) = h(m) - s(m). What is o(-3)?
-22
Let f(g) = g + 26. Let h(s) = 2*s + 37. Let m(b) = -4*f(b) + 3*h(b). Determine m(-7).
-7
Let q = -128 - -667. Let r(t) = -1 + q*t - 5 + 541*t - 1081*t. What is r(-2)?
-4
Let h(p) = p**2 + 5*p + 2. Let a = 43 - 38. Let f(v) be the second derivative of -v**4/12 + v**3/2 + 7*v**2/2 - 2*v. Let c be f(a). What is h(c)?
-4
Let l(v) = 12 - 409*v + 774*v + 83 - 356*v. What is l(-11)?
-4
Let w(d) = -d**3 + 4*d**2 - 10*d + 1. Suppose -23*m + 34 = -12. Let n(c) = 2*c**3 - 3*c**2 + 11*c - 2. Let o(s) = m*n(s) + 3*w(s). What is o(-7)?
6
Let m(u) = 2*u**3 - 5*u**2 + 5*u - 3. Suppose -2*x - 488 = -42. Let i = x + 226. Calculate m(i).
21
Let l(k) be the third derivative of -k**4/6 + k**3/3 - k**2 - 929*k. Give l(9).
-34
Let b(f) = -f**3 - 3*f**2 + 4*f + 4. Let x(a) = 2*a**2 + 4*a - 28. Let i be x(-5). Suppose -3*m + 32 = -5*r - 0, 4 = r + i*m. Calculate b(r).
4
Let z(r) = -r**3 + 2*r**2 + 27. Let x be z(0). Suppose -9 = 2*j - x. Suppose -j*f = -5*f - 8. Let i(g) = 2*g**2 + g - 1. Give i(f).
9
Let t(p) = p**3 + 3*p**2 + 4*p + 5. Let f(l) = -l**2 - 3*l. Let x be f(0). Suppose x = 23*n - 3*n + 80. Give t(n).
-27
Suppose -3*o = -2*u - 46, -52 = -9*o + 7*o - 4*u. Let q(z) = o*z + 15 + z**2 - 5 - 2*z**2 - 5*z. What is q(14)?
-4
Suppose 0 = 3*s + 3*w + w - 5, 14 = 4*s - 2*w. Suppose -2*b + 15 = 4*d - s*d, -b + 3*d - 3 = 0. Let o(z) = -28 - 4 + b - z. Determine o(0).
-26
Let n(a) be the first derivative of 21*a**2/2 + 121*a + 112. Calculate n(-6).
-5
Let d be (58/(-290))/(2/(-2650)). Let s = d + -263. Let m(n) = 4*n + 1. Let v(b) = -13*b - 4. Let w(x) = 7*m(x) + 2*v(x). What is w(s)?
3
Let x be 0 + 183/99 - (4030/143 - 28). Let b(o) be the first derivative of x*o**3 - 1/4*o**4 - 5 + 4*o - 2*o**2. Calculate b(4).
4
Let k(a) = -17*a**2 - a + 12. Let n(u) = -30*u**2 - 3*u + 20. Let t(f) = -7*k(f) + 4*n(f). What is t(-8)?
-28
Let v(y) = 3*y**2 - 11*y. Let n be v(4). Let o(t) = t**3 - 5*t**2 + 7*t - 6. Let q be o(n). Let j(i) = -i + 7. Give j(q).
1
Suppose -111*c = -125*c + 182. Let q(r) = -2*r - 1. Calculate q(c).
-27
Let l = 848 - 854. Let u(a) = a - a - 5 - 3*a + 0*a. Let v(r) = -3*r - 4. Let g(y) = -4*u(y) + 3*v(y). Calculate g(l).
-10
Let d(x) = x**3 + 14*x**2 + 13*x - 9. Let f be d(-13). Let v = f + 12. Let s(o) = -o**3 + 3*o**v + 3*o**3 - 2 + 6*o + 5*o**2 - 6*o**3. Give s(6).
-2
Let y(d) = -5*d**3 - 4*d**2 - 3*d. Let k(h) = -16*h**3 - 13*h**2 - 8*h + 7. Let z(x) = 2*k(x) - 7*y(x). Calculate z(-2).
-12
Let i = -218 - -114. Let u = i + 109. Suppose 4*t + 0*t - 8 = h, -2*t + u*h = 14. Let y(z) = 2*z + 3. Determine y(t).
9
Let j(y) = -y**3 + 4*y**2 + 15*y - 11. Let k be 667/(-29) + 29 - (0/1)/2. Determine j(k).
7
Let b(n) = -n**3 - 6*n**2 + 7*n + 3. Let j = -416 - -698. Let x = j - 289. Determine b(x).
3
Let o(f) = 60*f**3 + 110*f**2 + 98*f + 44. Let l(k) = -19*k**3 - 36*k**2 - 32*k - 15. Let c(i) = -19*l(i) - 6*o(i). Give c(-23).
90
Let n(r) = -r**3 - 43*r**2 + r + 46. Let w be n(-43). Let q(s) = -10 - 149*s**w - 32*s**2 + 6*s + 150*s**3 + 24*s**2. Let g be (-2)/3*42/(-4). Calculate q(g).
-17
Let u(h) = -24*h - 441. Let l(j) = 11*j + 203. Let z(t) = -13*l(t) - 6*u(t). Let n be (4/8)/(1/10). Suppose 13 = -n*v - 12. What is z(v)?
2
Let n(h) be the second derivative of -h**5/20 + 5*h**4/12 + 2*h**3/3 + h**2/2 - 12738*h. Determine n(6).
